Dec 02 05:42:56.603 INFO testing MadonnaMat/mbta_with_friends against master#8940af3cea4a9a9deabcaf843b2f8cad9a83fc61 for beta-1.31-5
Dec 02 05:42:56.603 INFO running `"docker" "create" "-v" "/mnt/big/crater/work/local/target-dirs/beta-1.31-5/worker-5/master#8940af3cea4a9a9deabcaf843b2f8cad9a83fc61:/target:rw,Z" "-v" "/mnt/big/crater/work/local/test-source/worker-5/beta-1.31-5/master#8940af3cea4a9a9deabcaf843b2f8cad9a83fc61:/source:ro,Z" "-v" "/mnt/big/crater/work/local/cargo-home:/cargo-home:ro,Z" "-v" "/mnt/big/crater/work/local/rustup-home:/rustup-home:ro,Z" "-e" "USER_ID=1000" "-e" "SOURCE_DIR=/source" "-e" "USER_ID=1000" "-e" "CMD=cargo +8940af3cea4a9a9deabcaf843b2f8cad9a83fc61-alt build --frozen" "-e" "CARGO_TARGET_DIR=/target" "-e" "CARGO_INCREMENTAL=0" "-e" "RUST_BACKTRACE=full" "-e" "RUSTFLAGS=--cap-lints=warn" "-e" "CARGO_HOME=/cargo-home" "-e" "RUSTUP_HOME=/rustup-home" "-m" "1536M" "--network" "none" "crater"`
Dec 02 05:42:56.819 INFO [stdout] a5f86835d1c8926fcab57c380e2eb1e15d540419269b213e5c6c1a0e61d219db
Dec 02 05:42:56.821 INFO running `"docker" "start" "-a" "a5f86835d1c8926fcab57c380e2eb1e15d540419269b213e5c6c1a0e61d219db"`
Dec 02 05:42:57.211 INFO [stderr] usermod: no changes
Dec 02 05:42:57.440 INFO [stderr]    Compiling pear_codegen v0.0.20
Dec 02 05:42:57.440 INFO [stderr]    Compiling rocket v0.3.16
Dec 02 05:42:57.440 INFO [stderr]    Compiling rocket_codegen v0.3.16
Dec 02 05:42:57.444 INFO [stderr]    Compiling bcrypt v0.2.0
Dec 02 05:42:57.444 INFO [stderr]    Compiling failure v0.1.2
Dec 02 05:42:57.445 INFO [stderr]    Compiling ring v0.11.0
Dec 02 05:42:57.683 INFO [stderr] error: failed to run custom build command for `pear_codegen v0.0.20`
Dec 02 05:42:57.683 INFO [stderr] process didn't exit successfully: `/target/debug/build/pear_codegen-545f8475d142af57/build-script-build` (exit code: 101)
Dec 02 05:42:57.683 INFO [stderr] --- stderr
Dec 02 05:42:57.683 INFO [stderr] [1;31mError:[0m [37mPear requires a nightly or dev version of Rust.[0m
Dec 02 05:42:57.683 INFO [stderr] [37mInstalled version is:[0m [33m1.31.0-beta.20 (2018-11-30)[0m. [37mMinimum required:[0m [33m1.30.0-nightly (2018-08-23)[0m.
Dec 02 05:42:57.683 INFO [stderr] thread 'main' panicked at 'Aborting compilation due to incompatible compiler.', /cargo-home/registry/src/github.com-1ecc6299db9ec823/pear_codegen-0.0.20/build.rs:31:13
Dec 02 05:42:57.683 INFO [stderr] stack backtrace:
Dec 02 05:42:57.683 INFO [stderr]    0:     0x561062f4727f - std::sys::unix::backtrace::tracing::imp::unwind_backtrace::h3a8b83e1922cbdde
Dec 02 05:42:57.683 INFO [stderr]                                at libstd/sys/unix/backtrace/tracing/gcc_s.rs:49
Dec 02 05:42:57.683 INFO [stderr]    1:     0x561062f52c57 - std::sys_common::backtrace::print::h00d3155a29b4020f
Dec 02 05:42:57.683 INFO [stderr]                                at libstd/sys_common/backtrace.rs:71
Dec 02 05:42:57.683 INFO [stderr]                                at libstd/sys_common/backtrace.rs:59
Dec 02 05:42:57.683 INFO [stderr]    2:     0x561062f4bb1f - std::panicking::default_hook::{{closure}}::hd7465c742e79e1bb
Dec 02 05:42:57.683 INFO [stderr]                                at libstd/panicking.rs:211
Dec 02 05:42:57.683 INFO [stderr]    3:     0x561062f4b884 - std::panicking::default_hook::h9e3966f2aa2a6e12
Dec 02 05:42:57.683 INFO [stderr]                                at libstd/panicking.rs:227
Dec 02 05:42:57.683 INFO [stderr]    4:     0x561062f4c14e - std::panicking::rust_panic_with_hook::h587f091ae747d080
Dec 02 05:42:57.683 INFO [stderr]                                at libstd/panicking.rs:476
Dec 02 05:42:57.683 INFO [stderr]    5:     0x561062f1dcb3 - std::panicking::begin_panic::h4e3730271beb8b92
Dec 02 05:42:57.683 INFO [stderr]                                at libstd/panicking.rs:410
Dec 02 05:42:57.683 INFO [stderr]    6:     0x561062f1bd78 - build_script_build::main::hd397855388fb565b
Dec 02 05:42:57.683 INFO [stderr]                                at /cargo-home/registry/src/github.com-1ecc6299db9ec823/pear_codegen-0.0.20/build.rs:31
Dec 02 05:42:57.683 INFO [stderr]    7:     0x561062f1e59f - std::rt::lang_start::{{closure}}::h7b3193c265bb446b
Dec 02 05:42:57.683 INFO [stderr]                                at libstd/rt.rs:74
Dec 02 05:42:57.683 INFO [stderr]    8:     0x561062f4bbc2 - std::panicking::try::do_call::h52e7f80ff0fdcc45
Dec 02 05:42:57.683 INFO [stderr]                                at libstd/rt.rs:59
Dec 02 05:42:57.683 INFO [stderr]                                at libstd/panicking.rs:310
Dec 02 05:42:57.683 INFO [stderr]    9:     0x561062f5dc09 - __rust_maybe_catch_panic
Dec 02 05:42:57.683 INFO [stderr]                                at libpanic_unwind/lib.rs:102
Dec 02 05:42:57.683 INFO [stderr]   10:     0x561062f3b8da - std::rt::lang_start_internal::h38cae898de7f805c
Dec 02 05:42:57.683 INFO [stderr]                                at libstd/panicking.rs:289
Dec 02 05:42:57.683 INFO [stderr]                                at libstd/panic.rs:392
Dec 02 05:42:57.683 INFO [stderr]                                at libstd/rt.rs:58
Dec 02 05:42:57.683 INFO [stderr]   11:     0x561062f1e578 - std::rt::lang_start::h40513075cbc2edc4
Dec 02 05:42:57.683 INFO [stderr]                                at libstd/rt.rs:74
Dec 02 05:42:57.683 INFO [stderr]   12:     0x561062f1cc49 - main
Dec 02 05:42:57.683 INFO [stderr]   13:     0x7f8b64d1982f - __libc_start_main
Dec 02 05:42:57.683 INFO [stderr]   14:     0x561062f1b658 - _start
Dec 02 05:42:57.683 INFO [stderr]   15:                0x0 - <unknown>
Dec 02 05:42:57.683 INFO [stderr] 
Dec 02 05:42:57.683 INFO [stderr] warning: build failed, waiting for other jobs to finish...
Dec 02 05:42:57.697 INFO [stderr] error: failed to run custom build command for `rocket v0.3.16`
Dec 02 05:42:57.697 INFO [stderr] process didn't exit successfully: `/target/debug/build/rocket-16c70f196851f9de/build-script-build` (exit code: 101)
Dec 02 05:42:57.697 INFO [stderr] --- stderr
Dec 02 05:42:57.697 INFO [stderr] [1;31mError:[0m [37mRocket requires a nightly or dev version of Rust.[0m
Dec 02 05:42:57.697 INFO [stderr] [37mInstalled version is:[0m [33m1.31.0-beta.20 (2018-11-30)[0m. [37mMinimum required:[0m [33m1.27.0-nightly (2018-04-26)[0m.
Dec 02 05:42:57.697 INFO [stderr] [34mSee the getting started guide ([0m[37mhttps://rocket.rs/guide/getting-started/[0m[34m) for more information.[0m
Dec 02 05:42:57.697 INFO [stderr] thread 'main' panicked at 'Aborting compilation due to incompatible compiler.', /cargo-home/registry/src/github.com-1ecc6299db9ec823/rocket-0.3.16/build.rs:38:13
Dec 02 05:42:57.697 INFO [stderr] stack backtrace:
Dec 02 05:42:57.697 INFO [stderr]    0:     0x5650f911f4bf - std::sys::unix::backtrace::tracing::imp::unwind_backtrace::h3a8b83e1922cbdde
Dec 02 05:42:57.697 INFO [stderr]                                at libstd/sys/unix/backtrace/tracing/gcc_s.rs:49
Dec 02 05:42:57.697 INFO [stderr]    1:     0x5650f912ae97 - std::sys_common::backtrace::print::h00d3155a29b4020f
Dec 02 05:42:57.697 INFO [stderr]                                at libstd/sys_common/backtrace.rs:71
Dec 02 05:42:57.697 INFO [stderr]                                at libstd/sys_common/backtrace.rs:59
Dec 02 05:42:57.697 INFO [stderr]    2:     0x5650f9123d5f - std::panicking::default_hook::{{closure}}::hd7465c742e79e1bb
Dec 02 05:42:57.697 INFO [stderr]                                at libstd/panicking.rs:211
Dec 02 05:42:57.697 INFO [stderr]    3:     0x5650f9123ac4 - std::panicking::default_hook::h9e3966f2aa2a6e12
Dec 02 05:42:57.697 INFO [stderr]                                at libstd/panicking.rs:227
Dec 02 05:42:57.697 INFO [stderr]    4:     0x5650f912438e - std::panicking::rust_panic_with_hook::h587f091ae747d080
Dec 02 05:42:57.697 INFO [stderr]                                at libstd/panicking.rs:476
Dec 02 05:42:57.697 INFO [stderr]    5:     0x5650f90f5ef3 - std::panicking::begin_panic::h6a87de5086119b0f
Dec 02 05:42:57.697 INFO [stderr]                                at libstd/panicking.rs:410
Dec 02 05:42:57.697 INFO [stderr]    6:     0x5650f90f3fb5 - build_script_build::main::h8a0c60f714dbaaf7
Dec 02 05:42:57.697 INFO [stderr]                                at /cargo-home/registry/src/github.com-1ecc6299db9ec823/rocket-0.3.16/build.rs:38
Dec 02 05:42:57.697 INFO [stderr]    7:     0x5650f90f67df - std::rt::lang_start::{{closure}}::h130fb439808e8edc
Dec 02 05:42:57.697 INFO [stderr]                                at libstd/rt.rs:74
Dec 02 05:42:57.697 INFO [stderr]    8:     0x5650f9123e02 - std::panicking::try::do_call::h52e7f80ff0fdcc45
Dec 02 05:42:57.697 INFO [stderr]                                at libstd/rt.rs:59
Dec 02 05:42:57.697 INFO [stderr]                                at libstd/panicking.rs:310
Dec 02 05:42:57.697 INFO [stderr]    9:     0x5650f9135e49 - __rust_maybe_catch_panic
Dec 02 05:42:57.697 INFO [stderr]                                at libpanic_unwind/lib.rs:102
Dec 02 05:42:57.697 INFO [stderr]   10:     0x5650f9113b1a - std::rt::lang_start_internal::h38cae898de7f805c
Dec 02 05:42:57.697 INFO [stderr]                                at libstd/panicking.rs:289
Dec 02 05:42:57.697 INFO [stderr]                                at libstd/panic.rs:392
Dec 02 05:42:57.697 INFO [stderr]                                at libstd/rt.rs:58
Dec 02 05:42:57.697 INFO [stderr]   11:     0x5650f90f67b8 - std::rt::lang_start::h06962203897029e3
Dec 02 05:42:57.697 INFO [stderr]                                at libstd/rt.rs:74
Dec 02 05:42:57.697 INFO [stderr]   12:     0x5650f90f4e89 - main
Dec 02 05:42:57.697 INFO [stderr]   13:     0x7f67fd37a82f - __libc_start_main
Dec 02 05:42:57.697 INFO [stderr]   14:     0x5650f90f3658 - _start
Dec 02 05:42:57.697 INFO [stderr]   15:                0x0 - <unknown>
Dec 02 05:42:57.697 INFO [stderr] 
Dec 02 05:42:57.697 INFO [stderr] warning: build failed, waiting for other jobs to finish...
Dec 02 05:42:57.710 INFO [stderr] error: failed to run custom build command for `rocket_codegen v0.3.16`
Dec 02 05:42:57.710 INFO [stderr] process didn't exit successfully: `/target/debug/build/rocket_codegen-694c06404a6a6a0e/build-script-build` (exit code: 101)
Dec 02 05:42:57.710 INFO [stderr] --- stderr
Dec 02 05:42:57.710 INFO [stderr] [1;31mError:[0m [37mRocket requires a nightly or dev version of Rust.[0m
Dec 02 05:42:57.710 INFO [stderr] [37mInstalled version is:[0m [33m1.31.0-beta.20 (2018-11-30)[0m. [37mMinimum required:[0m [33m1.30.0-nightly (2018-08-23)[0m.
Dec 02 05:42:57.710 INFO [stderr] [34mSee the getting started guide ([0m[37mhttps://rocket.rs/guide/getting-started/[0m[34m) for more information.[0m
Dec 02 05:42:57.710 INFO [stderr] thread 'main' panicked at 'Aborting compilation due to incompatible compiler.', /cargo-home/registry/src/github.com-1ecc6299db9ec823/rocket_codegen-0.3.16/build.rs:38:17
Dec 02 05:42:57.710 INFO [stderr] stack backtrace:
Dec 02 05:42:57.710 INFO [stderr]    0:     0x5583b95184af - std::sys::unix::backtrace::tracing::imp::unwind_backtrace::h3a8b83e1922cbdde
Dec 02 05:42:57.710 INFO [stderr]                                at libstd/sys/unix/backtrace/tracing/gcc_s.rs:49
Dec 02 05:42:57.710 INFO [stderr]    1:     0x5583b9523e87 - std::sys_common::backtrace::print::h00d3155a29b4020f
Dec 02 05:42:57.710 INFO [stderr]                                at libstd/sys_common/backtrace.rs:71
Dec 02 05:42:57.710 INFO [stderr]                                at libstd/sys_common/backtrace.rs:59
Dec 02 05:42:57.710 INFO [stderr]    2:     0x5583b951cd4f - std::panicking::default_hook::{{closure}}::hd7465c742e79e1bb
Dec 02 05:42:57.710 INFO [stderr]                                at libstd/panicking.rs:211
Dec 02 05:42:57.710 INFO [stderr]    3:     0x5583b951cab4 - std::panicking::default_hook::h9e3966f2aa2a6e12
Dec 02 05:42:57.710 INFO [stderr]                                at libstd/panicking.rs:227
Dec 02 05:42:57.710 INFO [stderr]    4:     0x5583b951d37e - std::panicking::rust_panic_with_hook::h587f091ae747d080
Dec 02 05:42:57.710 INFO [stderr]                                at libstd/panicking.rs:476
Dec 02 05:42:57.710 INFO [stderr]    5:     0x5583b94eeee3 - std::panicking::begin_panic::hede8e8925b40ba83
Dec 02 05:42:57.710 INFO [stderr]                                at libstd/panicking.rs:410
Dec 02 05:42:57.710 INFO [stderr]    6:     0x5583b94ecfb4 - build_script_build::main::hcb002b6b4779b55a
Dec 02 05:42:57.710 INFO [stderr]                                at /cargo-home/registry/src/github.com-1ecc6299db9ec823/rocket_codegen-0.3.16/build.rs:38
Dec 02 05:42:57.710 INFO [stderr]    7:     0x5583b94ef7cf - std::rt::lang_start::{{closure}}::h411225be29c3d1b5
Dec 02 05:42:57.710 INFO [stderr]                                at libstd/rt.rs:74
Dec 02 05:42:57.710 INFO [stderr]    8:     0x5583b951cdf2 - std::panicking::try::do_call::h52e7f80ff0fdcc45
Dec 02 05:42:57.710 INFO [stderr]                                at libstd/rt.rs:59
Dec 02 05:42:57.710 INFO [stderr]                                at libstd/panicking.rs:310
Dec 02 05:42:57.710 INFO [stderr]    9:     0x5583b952ee39 - __rust_maybe_catch_panic
Dec 02 05:42:57.710 INFO [stderr]                                at libpanic_unwind/lib.rs:102
Dec 02 05:42:57.710 INFO [stderr]   10:     0x5583b950cb0a - std::rt::lang_start_internal::h38cae898de7f805c
Dec 02 05:42:57.710 INFO [stderr]                                at libstd/panicking.rs:289
Dec 02 05:42:57.710 INFO [stderr]                                at libstd/panic.rs:392
Dec 02 05:42:57.710 INFO [stderr]                                at libstd/rt.rs:58
Dec 02 05:42:57.710 INFO [stderr]   11:     0x5583b94ef7a8 - std::rt::lang_start::h8ea39e7fa45da7bc
Dec 02 05:42:57.710 INFO [stderr]                                at libstd/rt.rs:74
Dec 02 05:42:57.710 INFO [stderr]   12:     0x5583b94ede79 - main
Dec 02 05:42:57.710 INFO [stderr]   13:     0x7fe9426ab82f - __libc_start_main
Dec 02 05:42:57.711 INFO [stderr]   14:     0x5583b94ec658 - _start
Dec 02 05:42:57.711 INFO [stderr]   15:                0x0 - <unknown>
Dec 02 05:42:57.711 INFO [stderr] 
Dec 02 05:42:57.711 INFO [stderr] warning: build failed, waiting for other jobs to finish...
Dec 02 05:42:59.931 INFO [stderr] error: build failed
Dec 02 05:42:59.931 INFO [stderr] su: No module specific data is present
Dec 02 05:43:00.260 INFO running `"docker" "inspect" "a5f86835d1c8926fcab57c380e2eb1e15d540419269b213e5c6c1a0e61d219db"`
Dec 02 05:43:00.469 INFO running `"docker" "rm" "-f" "a5f86835d1c8926fcab57c380e2eb1e15d540419269b213e5c6c1a0e61d219db"`
Dec 02 05:43:00.666 INFO [stdout] a5f86835d1c8926fcab57c380e2eb1e15d540419269b213e5c6c1a0e61d219db
